iple of 151?
False
Is 369 a factor of 41425686?
False
Is 1918 a factor of 345124920?
True
Does 874 divide 206364510?
True
Does 56 divide 5698112?
True
Is 314970914 a multiple of 683?
True
Is 1650300 a multiple of 258?
False
Does 26 divide 332972934?
False
Is 28406295 a multiple of 14?
False
Does 8 divide 935583560?
True
Is 15192636 a multiple of 70?
False
Is 24 a factor of 1170113760?
True
Is 8155 a factor of 1600186147?
False
Does 176 divide 7604608?
True
Is 22573346 a multiple of 27?
False
Does 705 divide 309978135?
False
Is 119 a factor of 3358263430?
False
Does 131 divide 978154064?
False
Does 65 divide 41848997?
False
Is 452158554 a multiple of 79?
True
Is 869 a factor of 675416785?
False
Is 256 a factor of 424075616?
False
Is 249 a factor of 72969629?
False
Is 1154658465 a multiple of 211?
True
Is 173 a factor of 20548594?
True
Does 21 divide 971308181?
False
Is 15 a factor of 203957121?
False
Does 186 divide 2499654?
True
Is 5 a factor of 33715897?
False
Does 22 divide 82742232?
False
Does 483 divide 1150798698?
True
Is 110 a factor of 6259110?
True
Is 221 a factor of 3792934641?
False
Is 77 a factor of 267259146?
True
Is 731371642 a multiple of 169?
False
Is 16046537 a multiple of 51?
False
Is 641671281 a multiple of 101?
True
Is 1820 a factor of 147008585?
False
Does 11 divide 7860459?
False
Is 247 a factor of 18695239?
False
Is 41050072 a multiple of 1576?
True
Is 677058793 a multiple of 4360?
False
Is 992711288 a multiple of 3977?
False
Does 174 divide 9903752?
False
Does 15 divide 7170870945?
True
Is 105655279 a multiple of 22?
False
Is 51168912 a multiple of 1718?
True
Does 10 divide 178059750?
True
Does 2226 divide 145238721?
False
Is 378650 a multiple of 3?
False
Does 5 divide 18634879?
False
Is 4 a factor of 48904344?
True
Is 1062 a factor of 283352790?
False
Is 4650042933 a multiple of 14?
False
Is 1800452 a multiple of 4?
True
Is 14 a factor of 607254410?
True
Does 1310 divide 184892112?
False
Is 601 a factor of 37478961?
True
Is 100 a factor of 49621900?
True
Is 577777298 a multiple of 28?
False
Does 25 divide 2778719675?
True
Does 258 divide 18538276?
False
Is 59638761 a multiple of 5481?
True
Is 107 a factor of 2562403110?
False
Is 44 a factor of 43574246?
False
Does 1922 divide 553136895?
False
Is 34924084 a multiple of 52?
True
Does 82 divide 152195858?
False
Is 42 a factor of 86654468?
False
Is 456 a factor of 39728544?
True
Is 13 a factor of 755469?
True
Is 72553768 a multiple of 5?
False
Is 35805411 a multiple of 117?
False
Is 61237035 a multiple of 333?
True
Is 7130184906 a multiple of 78?
True
Is 370974984 a multiple of 32?
False
Is 515 a factor of 293042725?
True
Is 376 a factor of 22501344?
True
Is 15106726 a multiple of 12?
False
Is 1802377 a multiple of 157?
False
Does 7 divide 213449121?
False
Is 66766095 a multiple of 28?
False
Is 1959 a factor of 1059051072?
True
Does 5817 divide 68667525?
False
Is 24 a factor of 61004280?
True
Is 417375146 a multiple of 223?
False
Does 134 divide 793568852?
False
Does 26 divide 62415652?
True
Does 1409 divide 24541484?
False
Does 11 divide 388577589?
False
Does 688 divide 36724655?
False
Does 8 divide 398029?
False
Is 38178880 a multiple of 8?
True
Is 78 a factor of 228394218?
True
Does 3 divide 5480777?
False
Does 7 divide 92822918?
False
Is 9 a factor of 348773313?
False
Is 277846576 a multiple of 236?
True
Is 3876412 a multiple of 4?
True
Is 2076879906 a multiple of 6?
True
Is 27999412 a multiple of 14?
True
Is 65 a factor of 836511325?
True
Does 1305 divide 140356665?
True
Does 139 divide 867429222?
True
Is 11436103 a multiple of 6?
False
Does 5 divide 82254405?
True
Is 57392809 a multiple of 19?
False
Is 62566200 a multiple of 25?
True
Is 59241600 a multiple of 3168?
True
Does 71 divide 471698725?
False
Does 13 divide 179785323?
False
Does 537 divide 6454203?
True
Is 20 a factor of 82193223?
False
Is 941 a factor of 1000871125?
True
Is 289414707 a multiple of 57?
True
Does 279 divide 31721742?
True
Is 51 a factor of 1955164203?
True
Does 310 divide 1962358548?
False
Is 714584905 a multiple of 2113?
True
Is 1369811283 a multiple of 125?
False
Is 669 a factor of 13186030?
False
Does 892 divide 33415212?
True
Is 315228146 a multiple of 36?
False
Is 41123804 a multiple of 118?
False
Is 47069607 a multiple of 311?
False
Does 59 divide 2579716000?
True
Is 70222699 a multiple of 22?
False
Is 179178788 a multiple of 186?
False
Does 489 divide 186828807?
True
Does 3 divide 161857228?
False
Does 48 divide 229810656?
True
Is 10764541 a multiple of 38?
False
Is 586 a factor of 380847668?
False
Does 14 divide 61872608?
True
Is 57506510 a multiple of 2331?
False
Is 93 a factor of 41320318?
False
Is 133005180 a multiple of 660?
True
Does 9 divide 34451721?
True
Is 13954531 a multiple of 19?
True
Is 729219850 a multiple of 13?
False
Is 247010317 a multiple of 23?
True
Is 31 a factor of 46320479?
True
Is 1770 a factor of 29409241?
False
Does 44 divide 537927808?
True
Does 21 divide 56374437?
True
Is 26 a factor of 24734034?
True
Does 394 divide 302895908?
False
Does 61 divide 872843083?
True
Does 2430 divide 7468275?
False
Is 16368923 a multiple of 169?
False
Is 606798850 a multiple of 1112?
False
Does 2701 divide 465657802?
True
Is 440250462 a multiple of 102?
True
Is 2900 a factor of 1679839500?
True
Is 2065317240 a multiple of 1773?
False
Does 40 divide 109867107?
False
Is 121 a factor of 709016233?
False
Is 86125284 a multiple of 134?
True
Does 69 divide 2364944?
False
Does 72 divide 273202322?
False
Is 32812716 a multiple of 2?
True
Is 1025297924 a multiple of 259?
False
Is 480916170 a multiple of 2862?
True
Does 183 divide 585268663?
False
Is 1043750849 a multiple of 363?
False
Is 353 a factor of 196002897?
True
Does 5 divide 30302167?
False
Does 79 divide 249008711?
True
Is 3358954060 a multiple of 5629?
False
Is 472561964 a multiple of 29?
False
Does 12 divide 23930905?
False
Does 41 divide 152827500?
True
Is 6068934 a multiple of 129?
True
Is 8232848 a multiple of 806?
False
Is 219436846 a multiple of 15?
False
Is 316414876 a multiple of 118?
True
Is 9274 a factor of 506703538?
True
Is 26 a factor of 2394828592?
True
Does 843 divide 2402739?
False
Is 13388548 a multiple of 94?
False
Does 8 divide 451620688?
True
Is 937 a factor of 26137382?
False
Is 84 a factor of 1116779160?
True
Is 82054835 a multiple of 10?
False
Does 6 divide 315350874?
True
Does 210 divide 25935227?
False
Is 153 a factor of 104806591?
False
Is 7882678 a multiple of 6?
False
Is 1013315 a multiple of 122?
False
Is 416691232 a multiple of 19?
False
Does 3271 divide 859658052?
True
Does 3823 divide 21148836?
True
Does 26 divide 7683031?
False
Is 646 a factor of 22320592?
True
Does 79 divide 614377042?
False
Is 68 a factor of 9948837?
False
Is 2068320 a multiple of 80?
True
Does 688 divide 4750640?
True
Is 398 a factor of 361733444?
True
Is 1715 a factor of 3159386720?
True
Is 2076 a factor of 648040008?
True
Is 5953282049 a multiple of 13?
True
Is 777 a factor of 50468481?
True
Is 100 a factor of 55639946?
False
Is 429330888 a multiple of 1419?
False
Is 1709868 a multiple of 203?
False
Is 7493915 a multiple of 223?
True
Does 17 divide 2226035?
False
Is 31 a factor of 180654194?
False
Is 181835424 a multiple of 736?
True
Does 7 divide 14441329?
True
Is 150 a factor of 324367961?
False
Does 1171 divide 125782965?
True
Does 451 divide 619268100?
True
Does 270 divide 326686244?
False
Is 429708180 a multiple of 15?
True
Does 64 divide 28883915?
False
Does 1911 divide 470899065?
True
Is 809126409 a multiple of 308?
False
Is 654 a factor of 1004599144?
False
Does 67 divide 32196113?
True
Is 8671 a factor of 573769343?
False
Is 21270161 a multiple of 17?
False
Does 22 divide 12764048?
True
Is 8343431998 a multiple of 215?
False
Does 23 divide 78866370?
False
Does 1408 divide 34149632?
True
Does 9 divide 559377081?
True
Is 98042928 a multiple of 4?
True
Is 53049363 a multiple of 29?
False
Is 816 a factor of 137668330?
False
Is 13 a factor of 827524329?
False
Is 49 a factor of 274986858?
False
Does 3858 divide 130877359?
False
Does 2024 divide 60726072?
True
Is 394822129 a multiple of 37?
False
Is 19190040 a multiple of 256?
False
Is 1000568031 a multiple of 3135?
False
Is 449473651 a multiple of 1498?
False
Is 835